{"id":47,"date":"2013-11-25T15:43:22","date_gmt":"2013-11-25T15:43:22","guid":{"rendered":"http:\/\/www.kindergruppemobile.at\/?page_id=47"},"modified":"2017-03-19T14:06:52","modified_gmt":"2017-03-19T14:06:52","slug":"impressum","status":"publish","type":"page","link":"https:\/\/www.kindergruppemobile.at\/?page_id=47","title":{"rendered":"Impressum"},"content":{"rendered":"<p><span style=\"text-decoration: underline;\">Herausgeber und Eigent\u00fcmer<\/span> der Site\u00a0sowie verantwortlich f\u00fcr den Inhalt:<\/p>\n<address>Kindergruppe Mobile<br \/>\nZVR: 869756926<br \/>\nMargaretenstrasse 34\/2\/6<br \/>\n1040 Wien<br \/>\n<a class=\"moz-txt-link-abbreviated\" href=\"mailto:kontakt@kindergruppemobile.at\">kontakt@kindergruppemobile.at<\/a><\/address>\n<p style=\"text-decoration: underline;\">Offenlegung<\/p>\n<p>Der Verein, dessen T\u00e4tigkeit nicht auf Gewinn ausgerichtet ist, bezweckt die Schaffung alternativer Erziehungs- und Sozialisationsbedingungen f\u00fcr Klein- und Vorschulkinder.<\/p>\n<p style=\"text-decoration: underline;\">Externe Links<\/p>\n<p>Auf dieser Site wurden sorgf\u00e4ltig ausgew\u00e4hlte Links zu anderen Internetseiten gesetzt. Der Siteinhaber \u00fcbernimmt allerdings keinerlei Verantwortung f\u00fcr die dort angebotenen Inhalte. F\u00fcr den Inhalt der verlinkten Seiten sind ausschlie\u00dflich deren Betreiber verantwortlich.<\/p>\n<p style=\"text-decoration: underline;\">Bilder<\/p>\n<p>Headerbild: erstellt unter Verwendung von Elementen von freepik.com<br \/>\nFotos: Kindergruppe Mobile<\/p>\n<p style=\"text-decoration: underline;\">Haftungsausschluss<\/p>\n<p>Der Zugang und die Benutzung der Website wie auch jeder darin enthaltenen oder referenzierten Information geschieht in der alleinigen Verantwortung des Benutzers. Der Siteinhaber \u00fcbernimmt keine wie immer gearteten Verpflichtungen oder Rechtsanspr\u00fcche welche, aus auf diesen Seiten dargestellten Informationen hervorgehen k\u00f6nnten.<\/p>\n<p>S\u00e4mtliche Texte auf der Website wurden sorgf\u00e4ltig gepr\u00fcft. Dessen ungeachtet kann keine Garantie f\u00fcr Richtigkeit, Vollst\u00e4ndigkeit und Aktualit\u00e4t der Angaben \u00fcbernommen werden, \u00c4nderungen und Irrt\u00fcmer sind vorbehalten. Die Bekanntgabe einer E-Mail-Adresse auf dieser Site ist keine Zustimmung zum Erhalt unaufgeforderter E-Mails. Links auf diese Website sind erw\u00fcnscht, sofern sie als externe Links gef\u00fchrt werden und jeweils ganze Seiten wiedergegeben werden.<\/p>\n","protected":false},"excerpt":{"rendered":"<p>Herausgeber und Eigent\u00fcmer der Site\u00a0sowie verantwortlich f\u00fcr den Inhalt: Kindergruppe Mobile ZVR: 869756926 Margaretenstrasse 34\/2\/6 1040 Wien kontakt@kindergruppemobile.at Offenlegung Der Verein, dessen T\u00e4tigkeit nicht auf Gewinn ausgerichtet ist, bezweckt die Schaffung alternativer Erziehungs- und Sozialisationsbedingungen f\u00fcr Klein- und Vorschulkinder. Externe Links Auf dieser Site wurden sorgf\u00e4ltig ausgew\u00e4hlte Links zu anderen Internetseiten gesetzt. Der Siteinhaber \u00fcbernimmt [&hellip;]<\/p>\n","protected":false},"author":8,"featured_media":0,"parent":0,"menu_order":0,"comment_status":"closed","ping_status":"closed","template":"","meta":[],"_links":{"self":[{"href":"https:\/\/www.kindergruppemobile.at\/index.php?rest_route=\/wp\/v2\/pages\/47"}],"collection":[{"href":"https:\/\/www.kindergruppemobile.at\/index.php?rest_route=\/wp\/v2\/pages"}],"about":[{"href":"https:\/\/www.kindergruppemobile.at\/index.php?rest_route=\/wp\/v2\/types\/page"}],"author":[{"embeddable":true,"href":"https:\/\/www.kindergruppemobile.at\/index.php?rest_route=\/wp\/v2\/users\/8"}],"replies":[{"embeddable":true,"href":"https:\/\/www.kindergruppemobile.at\/index.php?rest_route=%2Fwp%2Fv2%2Fcomments&post=47"}],"version-history":[{"count":8,"href":"https:\/\/www.kindergruppemobile.at\/index.php?rest_route=\/wp\/v2\/pages\/47\/revisions"}],"predecessor-version":[{"id":275,"href":"https:\/\/www.kindergruppemobile.at\/index.php?rest_route=\/wp\/v2\/pages\/47\/revisions\/275"}],"wp:attachment":[{"href":"https:\/\/www.kindergruppemobile.at\/index.php?rest_route=%2Fwp%2Fv2%2Fmedia&parent=47"}],"curies":[{"name":"wp","href":"https:\/\/api.w.org\/{rel}","templated":true}]}}