{"id":5,"date":"2013-10-06T09:18:19","date_gmt":"2013-10-06T09:18:19","guid":{"rendered":"http:\/\/www.kindergruppemobile.at\/?page_id=5"},"modified":"2024-10-20T20:06:00","modified_gmt":"2024-10-20T20:06:00","slug":"startseite","status":"publish","type":"page","link":"https:\/\/www.kindergruppemobile.at\/","title":{"rendered":"Kigru Mobile"},"content":{"rendered":"<p><span style=\"line-height: 1.3; font-family: Bitter, Georgia, serif; font-size: 22px;\"><a href=\"http:\/\/www.kindergruppemobile.at\/wp-content\/uploads\/Mobile-GIF-2.gif\"><div id=\"metaslider-id-227\" style=\"max-width: 700px;\" class=\"ml-slider-3-16-4 metaslider metaslider-flex metaslider-227 ml-slider nav-hidden\">\n    <div id=\"metaslider_container_227\">\n        <div id=\"metaslider_227\">\n            <ul aria-live=\"polite\" class=\"slides\">\n                <li style=\"display: block; width: 100%;\" class=\"slide-1173 ms-image\"><img src=\"https:\/\/www.kindergruppemobile.at\/wp-content\/uploads\/DSC4026_bea-700x300.jpg\" height=\"300\" width=\"700\" alt=\"\" class=\"slider-227 slide-1173\" title=\"_DSC4026_bea\" \/><\/li>\n                <li style=\"display: none; width: 100%;\" class=\"slide-228 ms-image\"><img src=\"https:\/\/www.kindergruppemobile.at\/wp-content\/uploads\/Untitled-1-700x300.jpg\" height=\"300\" width=\"700\" alt=\"\" class=\"slider-227 slide-228\" \/><\/li>\n                <li style=\"display: none; width: 100%;\" class=\"slide-1161 ms-image\"><img src=\"https:\/\/www.kindergruppemobile.at\/wp-content\/uploads\/Detail-02-700x300.jpg\" height=\"300\" width=\"700\" alt=\"\" class=\"slider-227 slide-1161\" title=\"Detail-02\" \/><\/li>\n            <\/ul>\n        <\/div>\n        \n    <\/div>\n<\/div><\/a><\/span><\/p>\n<h2>Herzlich willkommen bei Mobile im Planquadrat!<\/h2>\n<p>Die Kindergruppe Mobile, das sind 13 bis 14 Kinder zwischen 2 und 6 Jahren, drei Betreuer:innen und die Eltern mitten im Planquadrat, dem gr\u00fcnen Herzen des vierten Bezirks. Die Kigru ist untergebracht in einer sch\u00f6nen Altbauwohnung, die neben K\u00fcche und Vorraum ein Spiel\/Werkzimmer, ein Bastelzimmer und einen Toberaum umfasst. Nachdem die Kindergruppe von einem Park umgeben ist, gehen die Kinder jeden Tag im \u201ePlani\u201c an der frischen Luft spielen. Zus\u00e4tzlich bereichern Ausfl\u00fcge verschiedenster Art den Alltag \u2013 zum Beispiel in die B\u00fccherei, in den Zoo, ins Museum uvm. Zudem gibt es seit einiger Zeit ein umfangreiches Montessori-Angebot.<\/p>\n<p><span style=\"line-height: 1.5;\">In einer elternverwalteten Kindergruppe wie der Mobile entscheiden alle gemeinsam \u00fcber die Geschicke des Alltags. An den monatlichen Elternabenden werden aktuelle Themen besprochen, man tauscht sich in Kinderrunden \u00fcber das Wohlbefinden der Kinder aus, es wird diskutiert und gemeinschaftlich entschieden. Das hat den Vorteil, dass man unmittelbar am Gruppenalltag beteiligt ist und dadurch auch ein Gef\u00fchl f\u00fcr diese wichtige Lebenswelt des eigenen Kindes bekommt. Jedes Elternpaar \u00fcbernimmt eine oder zwei Aufgabe(n), die in der Gruppe anfallen (z.B. Obmannschaft, Kassieramt, Reperaturen, Eink\u00e4ufe, usw.) und ca. zweimal im Monat einen Kochdienst.<\/span><\/p>\n<p>Es ist also so, dass wir, gemeinsam mit den wundervollen Betreuer:innen Bibi, Martina und Esteban den Rahmen selbst erschaffen, darstellen und gestalten, in dem unsere Kinder aufwachsen. Die Kindergruppe finanziert sich durch F\u00f6rderungen der Stadt Wien und einen monatlichen Elternbeitrag.<\/p>\n<p>Die Kindergruppe Mobile (fr\u00fcher: Arsenal) gibt es bereits seit \u00fcber 40 Jahren. Durch die lange Zeit, die es die Mobile bereits gibt, ist eine sehr stabile und zugleich wandlungsf\u00e4hige Gemeinschaft entstanden, ein Ort des Austauschs, der offenen Diskussion und W\u00e4rme.<\/p>\n<p>Ein sch\u00f6ner Ort f\u00fcr Eltern und Kinder.<\/p>\n<p>Wir freuen uns auf Euch!<\/p>\n<p>Die Mobiles<\/p>\n","protected":false},"excerpt":{"rendered":"<p>Herzlich willkommen bei Mobile im Planquadrat! Die Kindergruppe Mobile, das sind 13 bis 14 Kinder zwischen 2 und 6 Jahren, drei Betreuer:innen und die Eltern mitten im Planquadrat, dem gr\u00fcnen Herzen des vierten Bezirks. Die Kigru ist untergebracht in einer sch\u00f6nen Altbauwohnung, die neben K\u00fcche und Vorraum ein Spiel\/Werkzimmer, ein Bastelzimmer und einen Toberaum umfasst. [&hellip;]<\/p>\n","protected":false},"author":8,"featured_media":0,"parent":0,"menu_order":0,"comment_status":"closed","ping_status":"closed","template":"","meta":[],"_links":{"self":[{"href":"https:\/\/www.kindergruppemobile.at\/index.php?rest_route=\/wp\/v2\/pages\/5"}],"collection":[{"href":"https:\/\/www.kindergruppemobile.at\/index.php?rest_route=\/wp\/v2\/pages"}],"about":[{"href":"https:\/\/www.kindergruppemobile.at\/index.php?rest_route=\/wp\/v2\/types\/page"}],"author":[{"embeddable":true,"href":"https:\/\/www.kindergruppemobile.at\/index.php?rest_route=\/wp\/v2\/users\/8"}],"replies":[{"embeddable":true,"href":"https:\/\/www.kindergruppemobile.at\/index.php?rest_route=%2Fwp%2Fv2%2Fcomments&post=5"}],"version-history":[{"count":62,"href":"https:\/\/www.kindergruppemobile.at\/index.php?rest_route=\/wp\/v2\/pages\/5\/revisions"}],"predecessor-version":[{"id":1225,"href":"https:\/\/www.kindergruppemobile.at\/index.php?rest_route=\/wp\/v2\/pages\/5\/revisions\/1225"}],"wp:attachment":[{"href":"https:\/\/www.kindergruppemobile.at\/index.php?rest_route=%2Fwp%2Fv2%2Fmedia&parent=5"}],"curies":[{"name":"wp","href":"https:\/\/api.w.org\/{rel}","templated":true}]}}